j(119).
-21
Let r(t) = 3*t**3 - t**2 + 12*t + 8. Give r(-3).
-118
Let s(r) = r**2 - 35*r - 387. What is s(44)?
9
Let l(h) = -h**3 + 58*h**2 - 11*h + 679. Determine l(58).
41
Let z(i) = 2*i**2 - 26*i - 1723. What is z(36)?
-67
Let m(a) = -a**3 + 47*a**2 - 76*a + 3571. Give m(47).
-1
Let x(r) = -439*r + 9206. Determine x(21).
-13
Let s(u) = -u**3 + 15*u**2 + 3*u + 63. What is s(0)?
63
Let x(v) = -575*v - 4144. Determine x(-7).
-119
Let r(z) = 7*z**2 - 217*z - 223. What is r(32)?
1
Let d(h) = -h**2 + 11*h - 12. Give d(-11).
-254
Let m(k) = -8*k**2 + 7*k - 17. Determine m(3).
-68
Let c(f) = -7*f**2 + 36*f - 7. Determine c(6).
-43
Let b(q) = -4*q**2 - 136*q + 266. Give b(2).
-22
Let a(u) = u**3 - u**2 - 28*u + 46. What is a(2)?
-6
Let u(c) = -c**3 + 23*c**2 + 20*c + 211. Give u(24).
115
Let h(c) = -c**3 - 2*c**2 + 13*c + 314. What is h(0)?
314
Let s(w) = 149*w + 5218. Calculate s(-35).
3
Let j(p) = p**2 - 43*p + 137. What is j(49)?
431
Let u(v) = 53*v**2 + 1964*v + 111. Calculate u(-37).
0
Let g(i) = 2*i**2 - 99*i + 77. Determine g(49).
28
Let f(j) = -1233*j - 4629. What is f(-4)?
303
Let p(v) = -v**2 + 2*v + 40. Determine p(-5).
5
Let o(m) = -2*m**3 + m**2 - 219*m - 454. Give o(-2).
4
Let a(b) = 9*b - 163. Calculate a(26).
71
Let t(c) = -50*c + 3. Calculate t(7).
-347
Let t(f) = -f**3 - 27*f**2 - 146*f - 101. What is t(-20)?
19
Let q(n) = -n**3 + 31*n**2 + 67*n - 36. What is q(33)?
-3
Let k(g) = 2*g**2 + 31*g + 48. Give k(-6).
-66
Let x(a) = -a**3 + 2*a**2 + a - 12. Calculate x(2).
-10
Let m(y) = -4*y**2 + 71*y + 12. Give m(19).
-83
Let o(q) = q**3 - 11*q**2 + 9*q + 11. What is o(6)?
-115
Let h(j) = -50*j + 124. What is h(11)?
-426
Let w(x) = x**2 + 15*x - 1201. Determine w(-43).
3
Let u(w) = 34*w**3 - 340*w**2 - 5*w + 90. Calculate u(10).
40
Let q(j) = j**2 + 6*j - 146. Calculate q(-14).
-34
Let b(j) = -j**2 + 168*j - 3485. Give b(144).
-29
Let c(l) = -l**3 + 12*l**2 - 10*l + 40. Give c(11).
51
Let m(j) = -10*j - 461. Give m(-47).
9
Let p(w) = 7*w**2 + 375*w - 1901. Determine p(5).
149
Let g(w) = 6*w - 286. Give g(55).
44
Let k(l) = l**2 + 4*l - 487. Calculate k(20).
-7
Let i(y) = -y**3 - 11*y**2 + 31*y + 30. What is i(3)?
-3
Let l(f) = f**2 - 45*f - 280. Determine l(48).
-136
Let t(p) = p**3 + 34*p**2 + 285*p + 16. Give t(-19).
16
Let m(s) = -2*s**2 + 28*s - 40. Determine m(13).
-14
Let m(b) = b**2 - 37*b - 237. Calculate m(-19).
827
Let t(l) = -41*l**3 - 4*l**2 - 375*l - 374. Determine t(-1).
38
Let j(p) = 37*p**2 - 147*p - 3. What is j(4)?
1
Let x(u) = -4813*u - 33700. Give x(-7).
-9
Let p(z) = -z**3 + 27*z**2 - 36*z + 228. Calculate p(26).
-32
Let s(z) = z**3 - 76*z**2 + 285*z + 220. Calculate s(72).
4
Let r(c) = -c**3 - 33*c**2 + 34*c - 94. Calculate r(-34).
-94
Let u(r) = -r**3 + 24*r**2 - 113*r - 333. What is u(15)?
-3
Let g(h) = -h**2 + 2*h + 586. Calculate g(-24).
-38
Let f(t) = 106*t + 5077. Determine f(-49).
-117
Let m(q) = -q**2 - 11*q + 793. What is m(-34)?
11
Let r(h) = -h**2 + 41*h - 305. Determine r(7).
-67
Let d(c) = c**2 + 656*c + 11542. Determine d(-18).
58
Let v(l) = -15*l + 878. Calculate v(75).
-247
Let c(u) = -10*u**3 + 2*u**2 - 15*u + 23. Calculate c(2).
-79
Let b(w) = -8584*w + 42915. Determine b(5).
-5
Let u(t) = -t**3 - 56*t**2 - 686*t - 18. What is u(-38)?
58
Let j(s) = -4*s**2 + 319*s - 2307. Calculate j(8).
-11
Let d(t) = t**3 + 6*t**2 - t + 10. What is d(-4)?
46
Let l(d) = -2*d**2 - 80*d - 587. Give l(-28).
85
Let d(t) = -24*t**2 - 60*t - 59. Give d(-1).
-23
Let j(l) = 263*l - 4994. What is j(19)?
3
Let d(c) = -c**2 - 54*c - 655. Calculate d(-36).
-7
Let z(h) = h**3 - 6*h**2 - 23*h + 143. Determine z(6).
5
Let j(u) = -230*u - 4343. Give j(-19).
27
Let x(n) = 65*n**2 - 307*n - 87. Calculate x(5).
3
Let t(p) = -p**2 + 37*p - 105. Give t(35).
-35
Let a(z) = z**2 + 20*z - 137. Determine a(-26).
19
Let d(t) = 5*t**2 + 32*t - 75. Determine d(8).
501
Let m(q) = 52*q + 20. Give m(-4).
-188
Let x(v) = v**2 + 26*v + 31. Give x(-24).
-17
Let t(k) = 67*k - 1401. What is t(21)?
6
Let u(a) = -a**2 - 67*a - 971. Calculate u(-47).
-31
Let f(t) = t**2 - 49*t + 390. Calculate f(39).
0
Let a(p) = -95*p**2 + 11*p - 14. Give a(2).
-372
Let c(j) = -4*j + 90. Determine c(14).
34
Let f(o) = -o**3 - 83*o**2 + 303*o - 3872. Calculate f(-87).
43
Let p(q) = 59*q - 298. Give p(5).
-3
Let b(x) = -3*x**2 - x + 12. Determine b(0).
12
Let i(m) = -146*m + 32261. Give i(221).
-5
Let h(k) = 15*k**2 - 102*k + 6. Calculate h(7).
27
Let g(a) = -a**3 + 16*a**2 - 18*a. Calculate g(14).
140
Let k(y) = -y**3 + 39*y**2 - 22*y - 645. Calculate k(38).
-37
Let u(m) = m**3 + 16*m**2 + 29*m + 2. Determine u(-6).
188
Let l(g) = -3*g**3 + 20*g**2 + 14*g + 73. Determine l(8).
-71
Let k(w) = -76*w + 1469. What is k(19)?
25
Let g(n) = 84*n**2 + 435*n + 556. Calculate g(-3).
7
Let o(z) = z + 115. Give o(-4).
111
Let z(y) = -250*y + 815. Calculate z(2).
315
Let w(f) = -18*f**2 + 121*f + 34. What is w(7)?
-1
Let u(v) = -v**3 - 40*v**2 + 40*v - 49. Give u(-41).
-8
Let k(a) = -54*a**2 - 276*a - 4. What is k(-5)?
26
Let h(t) = -t**3 + 151*t**2 + 603*t + 2636. What is h(155)?
1
Let m(d) = 10*d - 95. Give m(7).
-25
Let y(g) = 5*g**2 - 16*g + 32. Calculate y(10).
372
Let o(d) = -d**3 - 27*d**2 + 89*d - 10. Calculate o(-30).
20
Let q(o) = -21*o - 11. What is q(-2)?
31
Let h(p) = p**2 - 277*p + 11705. Determine h(225).
5
Let g(x) = -330*x**3 - 2*x**2 + 1. Give g(1).
-331
Let i(b) = -6*b**2 - 8*b + 159. Calculate i(6).
-105
Let t(x) = -65*x + 5257. What is t(84)?
-203
Let o(p) = -10*p**2 + 484. Determine o(0).
484
Let n(w) = w**3 - 4*w**2 - 39*w + 104. Calculate n(7).
-22
Let k(q) = -58*q**2 + 1217*q + 24. Give k(21).
3
Let x(i) = -4*i**3 + 186*i**2 + 93*i + 28. Calculate x(47).
-19
Let q(x) = x**3 + 34*x**2 - 114*x - 1504. What is q(-36)?
8
Let n(s) = s**3 + 35*s**2 + 171*s - 62. Determine n(-29).
25
Let r(k) = 10*k**2 - 217*k + 331. Calculate r(20).
-9
Let y(t) = -6*t**2 - 76*t - 61. Determine y(-12).
-13
Let m(t) = -64*t - 396. Determine m(-6).
-12
Let m(s) = s**3 + 29*s**2 - 77*s - 478. Determine m(-31).
-13
Let j(s) = -s**2 - 27*s + 50. Determine j(2).
-8
Let l(y) = -y**3 - 59*y**2 + 258*y + 379. Determine l(-63).
1
Let h(t) = 2391*t - 109950. Give h(46).
36
Let s(x) = -x**2 + 2*x + 1004. Calculate s(33).
-19
Let l(w) = -w**3 - 53*w**2 - 97*w - 21. Calculate l(-51).
-276
Let h(i) = 4*i**2 - 171*i + 683. Calculate h(4).
63
Let l(b) = b**2 - 7*b - 281. Calculate l(22).
49
Let u(v) = -46*v + 4255. What is u(93)?
-23
Let p(t) = t**3 + 86*t**2 + 1658*t + 31. Calculate p(-29).
-114
Let p(q) = 3*q**3 + 18*q**2 - 820*q - 4913. What is p(-6)?
7
Let r(i) = -i**3 - 7*i**2 + 72*i + 140. Give r(-12).
-4
Let w(k) = -k**3 + 13*k**2 + k + 37. Give w(13).
50
Let b(z) = -90*z + 1445. What is b(15)?
95
Let k(s) = -70*s - 1331. Give k(-22).
209
Let v(p) = -47*p - 22. Determine v(-3).
119
Let m(v) = v**2 + 97*v - 2200. Give m(-116).
4
Let u(x) = -2*x**2 + 97*x + 757. Give u(-7).
-20
Let q(t) = -2*t**3 + 18*t**2 + 24*t + 21. Give q(10).
61
Let d(j) = -7*j**2 + 74*j - 20. Give d(9).
79
Let v(m) = -12*m - 53. Give v(-6).
19
Let x(b) = -1626*b - 3253. Give x(-2).
-1
Let k(h) = -2*h**2 - 4104*h - 20484. Give k(-5).
-14
Let g(k) = -14*k**2 + 31*k + 32. Determine g(-1).
-13
Let k(s) = -732*s + 5120. Calculate k(7).
-4
Let c(n) = 1949*n - 7974. Give c(4).
-178
Let q(d) = 114*d**3 + 1. Give q(1).
115
Let q(y) = y**3 - 6*y**2 - 17*y - 1. What is q(-4)?
-93
Let z(m) = -m**2 + 210*m - 1426. Determine z(7).
-5
Let c(l) = l + 41. Give c(-12).
29
Let g(h) = h**2 - 27*h - 174. Give g(37).
196
Let b(p) = -56*p + 116. What is b(10)?
-444
Let u(n) = -2*n**2 + 8*n + 420. What is u(-15)?
-150
Let z(c) = c**2 - 1084*c + 7543. What is z(7)?
4
Let z(k) = -36*k + 1724. Calculate z(48).
-4
Let k(m) = -70*m**2 - 97*m - 27. Give k(-1).
0
Let y(i) = 35*i + 1234. Give y(-32).
114
Let t(i) = 2*i**3 - 8*i**2 - 14*i + 41. Determine t(4).
-15
Let n(l) = 3*l**2 - 78*l + 202. What is n(22)?
-62
Let f(x) = x**3 + 2*x**2 - 15*x - 25. Calculate f(4).
11
Let t(r) = -363*r - 4493. Determine t(-13).
226
Let k(c) = -27*c**2 + 28. Give k(-4).
-404
Let h(m) = 6*m - 87. Determine h(12).
-15
Let c(s) = 146*s + 17. What is c(-1)?
-129
Let i(c) = -c**3 - c**2 + 117*c - 15. Determine i(11).
-180
Let d(p) = -p**3 - 21*p**2 - 32*p + 51. Calcu